Let r be 4/84*57 - 2/(-7). Suppose -312 = r*o - 1089. Is o a prime number?
False
Suppose 0 = -4*r - 1060 + 348. Suppose 336 = f - 5*y, -f + 336 = -6*y + 2*y. Let w = r + f. Is w a prime number?
False
Let w(n) = 9*n**2 - n + 5. Suppose 3*a - 2*a - 4 = 0. Let u be w(a). Is 24/(-20)*u/(-2) prime?
False
Suppose 24 = 2*h - 4. Let p = 97 + -177. Is h/(p/44 + 2) composite?
True
Suppose 3*i - 10392 = 8025. Is i prime?
False
Suppose 2*s - 3 - 1 = 0. Suppose 0 = -2*l - 4*q + 82, -90 = -s*l + 3*q - 5*q. Suppose -4*k - 256 = -4*w, w - l = -0*w + 4*k. Is w prime?
False
Let a be (-12)/20 + 0 - (-216)/10. Let o = a - -92. Is o a composite number?
False
Suppose -268305 = -20*p - 51485. Is p a composite number?
True
Let s = -705 + 1036. Is s prime?
True
Is 1 + (-81)/63 - 67946/(-14) a prime number?
False
Let n = 118 + 502. Let y = 1255 - n. Is y prime?
False
Let h(r) = 6*r**3 + 10*r**2 - 17*r + 134. Is h(11) a prime number?
False
Let i = 2676 + 2755. Is i composite?
False
Suppose n + 8 - 18 = -3*h, h + 20 = -5*n. Let j(k) = 183*k**2. Let a be j(1). Suppose -4*q - i = -371 - a, 3*q - h*i - 427 = 0. Is q composite?
False
Is ((-446)/(-8)*4)/((-4)/(-844)) a prime number?
False
Let n(x) = -x**2 - 15*x - 1. Suppose -3 = u - 3*i, -5*i = -6 + 21. Is n(u) a composite number?
True
Let v(i) = 5*i**2 - 7*i + 6. Let m be v(4). Let a = 86 - m. Let f = 87 - a. Is f prime?
True
Let d(w) = -w**3 + 5*w**2 - w - 7. Let s = 3 + 1. Let a be d(s). Suppose -a*t = -t - 764. Is t a prime number?
True
Let p = -2149 + 2670. Is p prime?
True
Let p be (-4 - (-9)/3)/1. Let x = p + -3. Is 614/(3 + x - -3) composite?
False
Let t(x) = -x**3 - 10*x**2 - 8*x + 4. Let p be t(-9). Let u(w) = -6*w - 5. Is u(p) a prime number?
False
Let y(d) = 169*d + 28. Is y(6) prime?
False
Let m = -103 + -36. Suppose 5*j - 2*j - 648 = 0. Let n = m + j. Is n composite?
True
Let c(n) = 20*n. Let b be c(-1). Let k be 8/b - 4/(-10). Suppose 4*a = -3*p + a + 870, k = 5*p + 4*a - 1447. Is p composite?
True
Suppose 5*k = -5*r - 3455, 0*r + 3*k = r + 675. Is (-6)/2 - r - 1 a composite number?
False
Let g be (-2 + 8/6)*6. Is (-1 + -1)/(10972/(-2742) - g) prime?
False
Suppose 2*k - 12 = 5*k. Is (2/k)/(17/(-23834)) a prime number?
True
Suppose 384 = 3*s + 9*s. Is (-1)/(2/(-1196)) + (s - 33) a prime number?
False
Let k(j) = 128*j**2 + j - 2. Let l be -2 + 4/(4 - 3). Let q(s) = s**2 + 1. Let n(a) = l*q(a) + k(a). Is n(-1) prime?
False
Let u(j) be the third derivative of j**5/30 + 721*j**3/6 + j**2. Is u(0) composite?
True
Is 896/2 - -4*27/(-36) a prime number?
False
Suppose 2*v = -2*k - 958, 2419 = 3*v - 8*v + 3*k. Is (-23)/(-46) - v/4 prime?
False
Suppose 5*s + 4*p - 6*p = -126, -124 = 5*s - 3*p. Let t = s + 23. Is (-9)/t + -3 + 141 composite?
True
Suppose -5*n + 3*s - 4 = -1, 5 = -4*n + 5*s. Suppose i = -n*i. Suppose i = -v + 8 + 215. Is v prime?
True
Suppose -3*t - 15 = 0, 4*t = -0*p - p + 857. Is p prime?
True
Suppose 2*p + 6*p = -2*p. Suppose 2*g - 4*f + 2*f - 956 = p, 0 = 3*f. Is g a composite number?
True
Let x(h) = h**3 + 6*h**2. Let p be x(-6). Suppose -f - f + 20 = p. Is 15/f*(-2022)/(-9) prime?
True
Suppose 3*u = 6, -4*s + 19 - 1 = -u. Suppose -5*n + 0 = s, 5*z + 409 = -4*n. Let w = z + 127. Is w composite?
True
Let p be 1/(13/(-3) - -4). Is (-19136)/(-24) - (-1)/9*p a composite number?
False
Let s be ((-16)/6)/((-6)/(-9)). Let x be (s/10)/(4/(-40)). Is (x/4 + 0)*4 composite?
True
Suppose -2*n + 6*n - 8 = 0, -n - 33 = -5*k. Suppose -k*c + 1902 = -c. Is c prime?
True
Let u = 809 - 461. Let q = u - 13. Is q a composite number?
True
Suppose -29512 = -2*q - 3*s, q + 19*s - 14761 = 20*s. Is q prime?
True
Let s = -26 - -35. Let i = -12 + 22. Is ((-106)/i)/(s/(-45)) a composite number?
False
Let g be (20/35)/(2/14). Let k be (-2863)/28 + 1/g. Let v = k + 179. Is v a prime number?
False
Let k(l) = 4*l**3 - 80*l**2 - 6*l + 59. Is k(30) prime?
True
Suppose -27*o + 133773 = 35250. Is o composite?
True
Suppose -2*o - 2*o = 184. Let p be -1 + 1 + 33*o. Let d = -305 - p. Is d a prime number?
True
Suppose 0 = t - 2 + 6, -2*b = -4*t - 20. Let r be (-580)/(-3) + 4/6. Suppose -r = -b*l + 216. Is l a composite number?
True
Is 83290/6 + 252/189 prime?
True
Let s be (-1756)/14 + ((-18)/7 - -2). Let j = 85 - s. Is j prime?
True
Let d(k) = k**2 + 9*k - 34. Let l be d(-12). Suppose 0*u - 3*a = 3*u - 19338, -12907 = -l*u + 3*a. Is u a composite number?
False
Let q(x) = -x - 8. Let v be q(-8). Suppose -4176 = -3*w - v*w + 3*s, -3*w + 4*s + 4171 = 0. Is w a prime number?
False
Let r(p) = -2530*p - 13. Is r(-9) a composite number?
True
Let b(j) be the second derivative of j**5/20 + 3*j**4/4 - 4*j**3/3 + 7*j**2/2 + 10*j. Is b(-7) a prime number?
False
Let j = 2 + 14. Suppose 0 = 5*s + 1 - j. Suppose n + s*n - 340 = 0. Is n a composite number?
True
Let n(x) = -x**2 + 7*x + 1. Let h be n(10). Let z = h - -80. Is z a prime number?
False
Let n = -5 - -10. Suppose -4*q + n*x + 535 = 0, 3*x = 4 - 1. Suppose 0 = -5*s + m + 481, -3*m + q = 3*s - 168. Is s a composite number?
False
Let u = -664 + -354. Let y = -567 - u. Is y a prime number?
False
Suppose 18417 = 33*r - 30*r. Is r composite?
True
Let j(z) be the first derivative of -64*z**2 - 13*z + 26. Is j(-4) prime?
True
Let z(u) = u**3 + 18*u**2 - 22*u + 22. Suppose -3*a - 40 - 17 = 0. Is z(a) a composite number?
False
Let o be (-17)/(-4) + (-1)/4. Let p = 479 - 162. Suppose 4*g + 2*i - 262 = i, -p = -5*g + o*i. Is g prime?
False
Let y(n) = 933*n - 94. Is y(15) a composite number?
False
Suppose 70 = -3*n - 2*n - 5*j, -5 = 5*j. Let o(c) = 9*c**2 + 17*c - 18. Is o(n) prime?
False
Suppose -j + 4 = 1. Let a(i) = -7 + j*i + 4 + 3*i**3 + 8. Is a(5) a prime number?
False
Is 0 - -8333 - (-2 + (-1 - -1)) prime?
False
Let h be -2*((-17)/(-2) - 2). Let u(y) = -51*y + 44. Is u(h) composite?
True
Let n(t) be the second derivative of -2*t**3/3 - 6*t**2 - 6*t. Let k be n(9). Let i = k + 74. Is i prime?
False
Suppose 2*g = c + 1, 4*c - 3*c - g = -1. Is (c/1*(7 + 85))/(-2) prime?
False
Suppose -3*f + 4*b + 136403 - 14612 = 0, -2*b + 203011 = 5*f. Is f composite?
True
Is (4/(-6))/(142345/(-47445) + 3) a composite number?
False
Let y = 1399 - 479. Let f = -525 + y. Is f composite?
True
Suppose -r = -3*s - 63, -3*s = -2*r + 2*s + 123. Suppose -5*w + r = -141. Suppose -3*m + 6 = -w. Is m composite?
True
Let t = -14216 + 39149. Suppose -p + 4*p - t = 0. Is p a prime number?
True
Let d be -1 + -2 + 56/8. Let p be 3 - d - (-380 + 2). Let y = -82 + p. Is y a composite number?
True
Suppose m = 3*l - 4*m - 551, -3*m - 189 = -l. Suppose 8*w - 9*w = -l. Is w prime?
False
Suppose -12 = -49*x + 45*x. Is -22*(2/x - 651/18) a composite number?
True
Suppose -53*z = -388785 + 4376. Is z a prime number?
True
Suppose 409*a = 403*a + 10158. Is a composite?
False
Let a be (68/6)/(1/198). Let d = a - 1307. Is d prime?
True
Let n(j) = -29*j**3 - 13*j**2 + 2*j - 11. Is n(-6) composite?
True
Suppose -3*j = -39 - 15. Let u be 18/((-3)/((-45)/(-6))). Is 10/u - (-2614)/j composite?
True
Is (-49845)/(-7) + (-18)/(-63) composite?
False
Suppose 3*z - z + 2 = 0. Let r(q) = -3*q**2 + 25*q**2 - q**2 - 10*q + 9*q. Is r(z) a composite number?
True
Let h(i) = i - 1. Let b(w) = -5*w**2 - 13*w + 7. Let g(t) = -6*t**2 - 13*t + 6. Let v(k) = -5*b(k) + 4*g(k). Let x(s) = -6*h(s) + v(s). Is x(5) a prime number?
False
Is (-6 + -7987)*10/(-10) composite?
False
Let x(b) = -2*b**3 - 5*b**2 - 7*b - 3. Let j be x(4). Let d = -108 - j. Is d a prime number?
True
Suppose i - 9472 = -3*i + 4*k, 5*k = 4*i - 9472. Suppose i = 3*o - 659. Is o a composite number?
False
Suppose -3*x + 7*x + f - 36583 = 0, -5*x = 2*f - 45725. Is x a composite number?
True
Suppose 9*o - 12*o = -60. Suppose o + 1 = 3*q. Is q prime?
True
Let v(s) = 54*s**2 + s - 1. Let i be v(-1). Suppose 0 = -5*c + u + 48, 5*c - i = -0*c - u. Suppose 6*j + 296 = c*j. Is j a prime number?
False
Let l(w) = -w**3 + 3*w**2 - 8*w - 10. Let z be l(-7). Let h(g) = g**3 - 4*g**2 + 2*g + 1. Let b be h(3). Is -6*(z/12)/b composite?
True
Let u = 140 - 92. Suppose u + 24 = 2*v + l, -5*v + 5*l + 165 = 0. Suppose 4*c = 5*c - v. Is c a composite number?
True
Suppose -37*n + 60 = -33*n. Is 1*((-12)/(-30) - (-8799)/n) prime?
True
Let a(g) = -g**3 - 2*g**2 + 7*g. Let p be a(-4). Let w = p + -1. Suppose -3*f = -w*v + 288, 